{"id":2783,"date":"2022-07-16T20:24:47","date_gmt":"2022-07-16T19:24:47","guid":{"rendered":"https:\/\/checkpointsstg.wpengine.com\/mx\/?page_id=2783"},"modified":"2022-07-16T20:24:47","modified_gmt":"2022-07-16T19:24:47","slug":"politica-cookies","status":"publish","type":"page","link":"https:\/\/checkpointsystems.com\/latam\/politica-cookies\/","title":{"rendered":"Pol\u00edtica Cookies"},"content":{"rendered":"<p><div class=\"fusion-fullwidth fullwidth-box fusion-builder-row-1 fusion-flex-container nonhundred-percent-fullwidth non-hundred-percent-height-scrolling\" style=\"--awb-border-radius-top-left:0px;--awb-border-radius-top-right:0px;--awb-border-radius-bottom-right:0px;--awb-border-radius-bottom-left:0px;--awb-padding-left:0px;--awb-min-height:350px;--awb-flex-wrap:wrap;\" ><div class=\"fusion-builder-row fusion-row fusion-flex-align-items-flex-start fusion-flex-content-wrap\" style=\"max-width:calc( 1200px + 0px );margin-left: calc(-0px \/ 2 );margin-right: calc(-0px \/ 2 );\"><div class=\"fusion-layout-column fusion_builder_column fusion-builder-column-0 fusion_builder_column_1_1 1_1 fusion-flex-column fusion-flex-align-self-flex-end\" style=\"--awb-padding-bottom:40px;--awb-bg-size:cover;--awb-width-large:100%;--awb-margin-top-large:0px;--awb-spacing-right-large:0px;--awb-margin-bottom-large:0px;--awb-spacing-left-large:0px;--awb-width-medium:100%;--awb-order-medium:0;--awb-spacing-right-medium:0px;--awb-spacing-left-medium:0px;--awb-width-small:100%;--awb-order-small:0;--awb-spacing-right-small:0px;--awb-spacing-left-small:0px;\"><div class=\"fusion-column-wrapper fusion-column-has-shadow fusion-flex-justify-content-flex-start fusion-content-layout-column\"><div class=\"fusion-title title fusion-title-1 fusion-sep-none fusion-title-text fusion-title-size-one\" style=\"--awb-text-color:var(--awb-color1);--awb-margin-top-small:0px;--awb-margin-bottom-small:20px;--awb-font-size:40px;\"><h1 class=\"fusion-title-heading title-heading-left fusion-responsive-typography-calculated\" style=\"font-family:&quot;Noto Sans&quot;;font-style:normal;font-weight:400;margin:0;font-size:1em;--fontSize:40;line-height:2.05;\">Pol\u00edtica Cookies<\/h1><\/div><nav class=\"fusion-breadcrumbs awb-yoast-breadcrumbs fusion-breadcrumbs-1\" style=\"--awb-font-size:10;--awb-text-hover-color:var(--awb-color4);--awb-text-color:var(--awb-color3);--awb-breadcrumb-sep:&#039;\/&#039;;\" aria-label=\"Breadcrumb\"><span><span><a href=\"https:\/\/checkpointsystems.com\/latam\/\">Home<\/a><\/span><\/span><\/nav><\/div><\/div><\/div><\/div><div class=\"fusion-fullwidth fullwidth-box fusion-builder-row-2 fusion-flex-container nonhundred-percent-fullwidth non-hundred-percent-height-scrolling\" style=\"--awb-border-radius-top-left:0px;--awb-border-radius-top-right:0px;--awb-border-radius-bottom-right:0px;--awb-border-radius-bottom-left:0px;--awb-margin-top:80px;--awb-margin-bottom:80px;--awb-flex-wrap:wrap;\" ><div class=\"fusion-builder-row fusion-row fusion-flex-align-items-flex-start fusion-flex-content-wrap\" style=\"max-width:calc( 1200px + 0px );margin-left: calc(-0px \/ 2 );margin-right: calc(-0px \/ 2 );\"><div class=\"fusion-layout-column fusion_builder_column fusion-builder-column-1 fusion_builder_column_1_1 1_1 fusion-flex-column\" style=\"--awb-bg-size:cover;--awb-width-large:100%;--awb-margin-top-large:0px;--awb-spacing-right-large:0px;--awb-margin-bottom-large:0px;--awb-spacing-left-large:0px;--awb-width-medium:100%;--awb-order-medium:0;--awb-spacing-right-medium:0px;--awb-spacing-left-medium:0px;--awb-width-small:100%;--awb-order-small:0;--awb-spacing-right-small:0px;--awb-spacing-left-small:0px;\"><div class=\"fusion-column-wrapper fusion-column-has-shadow fusion-flex-justify-content-flex-start fusion-content-layout-column\"><div class=\"fusion-text fusion-text-1\"><div class=\"cli_pg_page_contaner\">\n<h4><strong><em>\u00bfQu\u00e9 son<\/em><\/strong><strong><em> las cookies?<\/em><\/strong><\/h4>\n<p>Esta p\u00e1gina web utiliza cookies. Una cookie es un archivo de descarga que se instala en el navegador de su ordenador. Las cookies permiten a una p\u00e1gina web, entre otras cosas, almacenar y recuperar informaci\u00f3n acerca de los h\u00e1bitos de navegaci\u00f3n del usuario o de su ordenador y, dependiendo de la informaci\u00f3n que contenga y de la forma en que utilice su ordenador, pueden utilizarse para reconocer al usuario.<\/p>\n<h4><strong><em>\u00bfQu\u00e9 tipolog\u00eda de cookies se utilizan en esta web?<\/em><\/strong><\/h4>\n<p>Tipos de cookies seg\u00fan quien sea la entidad que gestione el equipo o dominio desde donde se env\u00edan las cookies y trate los datos que se obtengan, podemos distinguir:<\/p>\n<ul>\n<li><strong><em>Cookies propias:<\/em><\/strong> Son aqu\u00e9llas que se env\u00edan al equipo terminal del usuario desde un equipo o dominio gestionado por el propio editor y desde el que se presta el servicio solicitado por el usuario.<\/li>\n<\/ul>\n<ul>\n<li><strong><em>Cookies de terceros:<\/em><\/strong> Son aqu\u00e9llas que se env\u00edan al equipo terminal del usuario desde un equipo o dominio que no es gestionado por el editor, sino por otra entidad que trata los datos obtenidos trav\u00e9s de las cookies.<\/li>\n<\/ul>\n<p>Tipos de cookies seg\u00fan el plazo de tiempo que permanecen activadas en el equipo terminal:<\/p>\n<ul>\n<li><strong><em>Cookies de sesi\u00f3n<\/em><\/strong>: Son un tipo de cookies dise\u00f1adas para recabar y almacenar datos mientras el usuario accede a una p\u00e1gina web.<\/li>\n<\/ul>\n<ul>\n<li><strong><em>Cookies persistentes<\/em><\/strong>: Son un tipo de cookies que permiten que los datos se almacenen en el terminal y pueden ser accedidos y tratados durante un periodo definido por el responsable de la cookie, y que puede ir de unos minutos a varios a\u00f1os.<\/li>\n<\/ul>\n<p>Tipos de cookies seg\u00fan su finalidad:<\/p>\n<ul>\n<li><strong><em>Cookies t\u00e9cnicas<\/em><\/strong>: Son aquellas necesarias para el buen funcionamiento de la p\u00e1gina web y que son imprescindibles para que el usuario pueda utilizar los servicios y acceder al contenido que solicite el usuario e interactuar con sus funcionalidades. Su desactivaci\u00f3n podr\u00eda impedir el correcto funcionamiento de la p\u00e1gina web.<\/li>\n<\/ul>\n<ul>\n<li><strong><em>Cookies anal\u00edticas<\/em><\/strong>: son aquellas que permiten el seguimiento y an\u00e1lisis del comportamiento del usuario del sitio web al que est\u00e1n vinculadas. La informaci\u00f3n que se recaba se utiliza para la medici\u00f3n de audiencias, tr\u00e1fico e implicaci\u00f3n con la p\u00e1gina web. Asimismo, permiten conocer el navegador utilizado o el idioma elegido, entre otras. Estas cookies, se activan de forma autom\u00e1tica en nuestra p\u00e1gina web, no obstante, puede deshabilitar estas cookies mediante los sistemas de exclusi\u00f3n proporcionados por las herramientas o mediante la configuraci\u00f3n del navegador.<\/li>\n<\/ul>\n<p>Las aplicaciones utilizadas para obtener esta informaci\u00f3n son las siguientes:<\/p>\n<ul>\n<li><strong><em>Cookies publicidad<\/em><\/strong><strong>:<\/strong> Son aqu\u00e9llas que permiten la gesti\u00f3n de la forma m\u00e1s eficaz posible, de los espacios publicitarios que, en su caso, el editor haya incluido en su p\u00e1gina web, aplicaci\u00f3n o plataforma desde la que presta el servicio solicitado en base a criterios como el contenido editado o la frecuencia en la que se muestran los anuncios.<\/li>\n<\/ul>\n<table width=\"709\">\n<tbody>\n<tr>\n<td width=\"199\"><strong>ORIGIN<\/strong><\/td>\n<td width=\"132\"><strong>TECHNICAL NAME<\/strong><\/td>\n<td width=\"378\"><strong>INFORMATION<\/strong><\/td>\n<\/tr>\n<tr>\n<td width=\"199\">GOOGLE ANALYTICS<\/p>\n<p>(Analytics)<\/td>\n<td width=\"132\">_ga<\/td>\n<td width=\"378\">Esta cookie se configura normalmente en el navegador tras la primera visita a los Sitios web. Si la cookie ha sido eliminada por el operador del navegador, y el navegador visita posteriormente nuestro sitio web, se escribe una nueva cookie _ga con un ID \u00fanico diferente. En la mayor\u00eda de los casos, esta cookie se utiliza para entender si un visitante es un solo visitante o un visitante repetido a los Sitios web y se actualiza con cada vista de p\u00e1gina. Adem\u00e1s, esta cookie se proporciona con un ID \u00fanico que Google Analytics utiliza para garantizar tanto la validez como la accesibilidad de la cookie como una medida de seguridad adicional.<\/p>\n<p>M\u00e1s informaci\u00f3n: <a href=\"https:\/\/support.google.com\/analytics\/answer\/6004245\">https:\/\/support.google.com\/analytics\/answer\/6004245<\/a><\/p>\n<p>Sistema de rechazo (Opt-Out): <a href=\"https:\/\/tools.google.com\/dlpage\/gaoptout?hl=None\">https:\/\/tools.google.com\/dlpage\/gaoptout?hl=None<\/a><\/td>\n<\/tr>\n<tr>\n<td width=\"199\">GOOGLE ANALYTICS<\/p>\n<p>(Analytics)<\/td>\n<td width=\"132\">_gid<\/td>\n<td width=\"378\">Esta cookie nos permite comprender c\u00f3mo los visitantes utilizan el sitio web y ayuda a crear un informe anal\u00edtico de la popularidad del sitio web.\u00a0 Los datos recopilados incluyen el n\u00famero de visitantes, la fuente (por ejemplo, una b\u00fasqueda en Google u otro sitio web) y (de forma an\u00f3nima) las p\u00e1ginas visitadas en el sitio web.<\/p>\n<p>More information: <a href=\"https:\/\/support.google.com\/analytics\/answer\/6004245\">https:\/\/support.google.com\/analytics\/answer\/6004245<\/a><\/p>\n<p>Sistema de rechazo (Opt-Out): <a href=\"https:\/\/tools.google.com\/dlpage\/gaoptout?hl=None\">https:\/\/tools.google.com\/dlpage\/gaoptout?hl=None<\/a><\/td>\n<\/tr>\n<tr>\n<td width=\"199\">GOOGLE ANALYTICS<\/p>\n<p>(Performance)<\/td>\n<td width=\"132\">_gat<\/td>\n<td width=\"378\">Este nombre de cookie est\u00e1 asociado con Google Universal Analytics, seg\u00fan <a href=\"https:\/\/developers.google.com\/analytics\/devguides\/collection\/analyticsjs\/cookie-usage\">la documentaci\u00f3n de Google<\/a> se utiliza para limitar la tasa de solicitudes, lo que limita la recopilaci\u00f3n de datos en sitios de alto tr\u00e1fico. Caduca despu\u00e9s de 10 minutos.<\/p>\n<p>M\u00e1s informaci\u00f3n: <a href=\"https:\/\/support.google.com\/analytics\/answer\/6004245\">https:\/\/support.google.com\/analytics\/answer\/6004245<\/a><\/p>\n<p>Sistema de rechazo (Opt-Out): <a href=\"https:\/\/tools.google.com\/dlpage\/gaoptout?hl=None\">https:\/\/tools.google.com\/dlpage\/gaoptout?hl=None<\/a><\/td>\n<\/tr>\n<tr>\n<td width=\"199\">WORDPRESS<\/p>\n<p>(Functional)<\/td>\n<td width=\"132\">Lang<\/td>\n<td width=\"378\">Esta cookie se utiliza para almacenar las preferencias de idioma de los visitantes.<\/td>\n<\/tr>\n<tr>\n<td width=\"199\">LINKEDIN<\/p>\n<p>(Advertisement)<\/td>\n<td width=\"132\">Bcookie<\/td>\n<td width=\"378\">\u00a0Esta cookie es utilizada por LinkedIn para identificar el ID del navegador. Se establece desde los botones de uso compartido de LinkedIn y las etiquetas de anuncio. M\u00e1s informaci\u00f3n:<\/p>\n<p><a href=\"https:\/\/www.linkedin.com\/legal\/privacy-policy\">https:\/\/www.linkedin.com\/legal\/privacy-policy<\/a><\/td>\n<\/tr>\n<tr>\n<td width=\"199\">LINKEDIN<\/p>\n<p>(Analytics)<\/td>\n<td width=\"132\">Lissc<\/td>\n<td width=\"378\">Esta cookie se utiliza para garantizar que hay un atributo SameSite correcto para todas las cookies de ese navegador.<\/p>\n<p><a href=\"https:\/\/www.linkedin.com\/legal\/privacy-policy\">https:\/\/www.linkedin.com\/legal\/privacy-policy<\/a><\/td>\n<\/tr>\n<tr>\n<td width=\"199\">LINKEDIN<\/p>\n<p>(Functional)<\/td>\n<td width=\"132\">Lidc<\/td>\n<td width=\"378\">Esta cookie se utiliza para optimizar la selecci\u00f3n del centro de datos. M\u00e1s informaci\u00f3n:<\/p>\n<p><a href=\"https:\/\/www.linkedin.com\/legal\/privacy-policy\">https:\/\/www.linkedin.com\/legal\/privacy-policy<\/a><\/td>\n<\/tr>\n<tr>\n<td width=\"199\">LINKEDIN<\/td>\n<td width=\"132\">UserMatchHistory<\/td>\n<td width=\"378\">Esta cookie es una cookie de ID de navegador establecida por Linked compartir Buttons y etiquetas de anuncio. Esta cookie es utilizada por LinkedIn Ads para ayudar a Checkpoint a medir el rendimiento publicitario:<\/p>\n<p><a href=\"https:\/\/www.linkedin.com\/legal\/privacy-policy\">https:\/\/www.linkedin.com\/legal\/privacy-policy<\/a><\/td>\n<\/tr>\n<tr>\n<td width=\"199\">VIMEO<\/p>\n<p>(Analytics)<\/td>\n<td width=\"132\">Vuid<\/td>\n<td width=\"378\">Esta cookie es utilizada por Vimeo para recopilar informaci\u00f3n de seguimiento y almacenar el historial de uso del usuario. Establece un ID \u00fanico para incrustar v\u00eddeos en el sitio web. M\u00e1s informaci\u00f3n: <a href=\"https:\/\/vimeo.com\/cookie_policy\">https:\/\/vimeo.com\/cookie_policy<\/a><\/td>\n<\/tr>\n<\/tbody>\n<\/table>\n<p>Asimismo, le informamos que el usuario puede ajustar con facilidad la configuraci\u00f3n de su navegador para bloquear o eliminar las cookies instaladas en cualquier momento. No obstante, esta deshabilitaci\u00f3n podr\u00eda modificar el funcionamiento de la p\u00e1gina web y provocar que determinados servicios de la p\u00e1gina web no se encuentren disponibles.<\/p>\n<p>Cada navegador tiene una configuraci\u00f3n distinta para inhabilitar las cookies. A continuaci\u00f3n se muestran los pasos a seguir para desactivar o eliminar las cookies en sus principales navegadores:<\/p>\n<ul>\n<li>Chrome: <a href=\"http:\/\/support.google.com\/chrome\/bin\/answer.py?hl=es&amp;answer=95647\">http:\/\/support.google.com\/chrome\/bin\/answer.py?hl=es&amp;answer=95647<\/a><\/li>\n<li>Explorer: <a href=\"http:\/\/windows.microsoft.com\/es-es\/windows7\/how-to-manage-Cookies-in-internet-explorer-9\">http:\/\/windows.microsoft.com\/es-es\/windows7\/how-to-manage-Cookies-in-internet-explorer-9<\/a><\/li>\n<li>Firefox: <a href=\"http:\/\/support.mozilla.org\/es\/kb\/habilitar-y-deshabilitar-Cookies-que-los-sitios-we\">http:\/\/support.mozilla.org\/es\/kb\/habilitar-y-deshabilitar-Cookies-que-los-sitios-we<\/a><\/li>\n<li>Safari <a href=\"http:\/\/support.apple.com\/kb\/ph5042\">http:\/\/support.apple.com\/kb\/ph5042<\/a><\/li>\n<\/ul>\n<p>Esta Pol\u00edtica de Cookies puede ser modificada en funci\u00f3n de las modificaciones legislativas a fin de adaptarla a las instrucciones dictadas por la Agencias Espa\u00f1ola de Protecci\u00f3n de Datos, por lo que se recomienda a los usuarios que la consulten peri\u00f3dicamente.<\/p>\n<p>Si desea modificar su consentimiento,\u00a0puede hacerlo accediendo al siguiente enlace \u201cPanel de configuraci\u00f3n de cookies\u201d.<\/p>\n<\/div>\n<\/div><\/div><\/div><\/div><\/div><\/p>\n","protected":false},"excerpt":{"rendered":"","protected":false},"author":4,"featured_media":0,"parent":0,"menu_order":80,"comment_status":"closed","ping_status":"closed","template":"","meta":{"footnotes":""},"categories":[],"tags":[],"class_list":["post-2783","page","type-page","status-publish","hentry"],"yoast_head":"<!-- This site is optimized with the Yoast SEO plugin v27.3 - https:\/\/yoast.com\/product\/yoast-seo-wordpress\/ -->\n<title>Pol\u00edtica Cookies - Checkpoint Systems Latam<\/title>\n<meta name=\"robots\" content=\"index, follow, max-snippet:-1, max-image-preview:large, max-video-preview:-1\" \/>\n<link rel=\"canonical\" href=\"https:\/\/checkpointsystems.com\/latam\/politica-cookies\/\" \/>\n<meta property=\"og:locale\" content=\"es_ES\" \/>\n<meta property=\"og:type\" content=\"article\" \/>\n<meta property=\"og:title\" content=\"Pol\u00edtica Cookies - Checkpoint Systems Latam\" \/>\n<meta property=\"og:url\" content=\"https:\/\/checkpointsystems.com\/latam\/politica-cookies\/\" \/>\n<meta property=\"og:site_name\" content=\"Checkpoint Systems Latam\" \/>\n<meta name=\"twitter:card\" content=\"summary_large_image\" \/>\n<meta name=\"twitter:label1\" content=\"Tiempo de lectura\" \/>\n\t<meta name=\"twitter:data1\" content=\"5 minutos\" \/>\n<script type=\"application\/ld+json\" class=\"yoast-schema-graph\">{\"@context\":\"https:\\\/\\\/schema.org\",\"@graph\":[{\"@type\":\"WebPage\",\"@id\":\"https:\\\/\\\/checkpointsystems.com\\\/latam\\\/politica-cookies\\\/\",\"url\":\"https:\\\/\\\/checkpointsystems.com\\\/latam\\\/politica-cookies\\\/\",\"name\":\"Pol\u00edtica Cookies - Checkpoint Systems Latam\",\"isPartOf\":{\"@id\":\"https:\\\/\\\/checkpointsystems.com\\\/latam\\\/#website\"},\"datePublished\":\"2022-07-16T19:24:47+00:00\",\"breadcrumb\":{\"@id\":\"https:\\\/\\\/checkpointsystems.com\\\/latam\\\/politica-cookies\\\/#breadcrumb\"},\"inLanguage\":\"es\",\"potentialAction\":[{\"@type\":\"ReadAction\",\"target\":[\"https:\\\/\\\/checkpointsystems.com\\\/latam\\\/politica-cookies\\\/\"]}]},{\"@type\":\"BreadcrumbList\",\"@id\":\"https:\\\/\\\/checkpointsystems.com\\\/latam\\\/politica-cookies\\\/#breadcrumb\",\"itemListElement\":[{\"@type\":\"ListItem\",\"position\":1,\"name\":\"Home\",\"item\":\"https:\\\/\\\/checkpointsystems.com\\\/latam\\\/\"},{\"@type\":\"ListItem\",\"position\":2,\"name\":\"Pol\u00edtica Cookies\"}]},{\"@type\":\"WebSite\",\"@id\":\"https:\\\/\\\/checkpointsystems.com\\\/latam\\\/#website\",\"url\":\"https:\\\/\\\/checkpointsystems.com\\\/latam\\\/\",\"name\":\"Checkpoint Systems Latam\",\"description\":\"Fabricante de Etiquetas, Software y Hardware de Seguridad\",\"potentialAction\":[{\"@type\":\"SearchAction\",\"target\":{\"@type\":\"EntryPoint\",\"urlTemplate\":\"https:\\\/\\\/checkpointsystems.com\\\/latam\\\/?s={search_term_string}\"},\"query-input\":{\"@type\":\"PropertyValueSpecification\",\"valueRequired\":true,\"valueName\":\"search_term_string\"}}],\"inLanguage\":\"es\"}]}<\/script>\n<!-- \/ Yoast SEO plugin. -->","yoast_head_json":{"title":"Pol\u00edtica Cookies - Checkpoint Systems Latam","robots":{"index":"index","follow":"follow","max-snippet":"max-snippet:-1","max-image-preview":"max-image-preview:large","max-video-preview":"max-video-preview:-1"},"canonical":"https:\/\/checkpointsystems.com\/latam\/politica-cookies\/","og_locale":"es_ES","og_type":"article","og_title":"Pol\u00edtica Cookies - Checkpoint Systems Latam","og_url":"https:\/\/checkpointsystems.com\/latam\/politica-cookies\/","og_site_name":"Checkpoint Systems Latam","twitter_card":"summary_large_image","twitter_misc":{"Tiempo de lectura":"5 minutos"},"schema":{"@context":"https:\/\/schema.org","@graph":[{"@type":"WebPage","@id":"https:\/\/checkpointsystems.com\/latam\/politica-cookies\/","url":"https:\/\/checkpointsystems.com\/latam\/politica-cookies\/","name":"Pol\u00edtica Cookies - Checkpoint Systems Latam","isPartOf":{"@id":"https:\/\/checkpointsystems.com\/latam\/#website"},"datePublished":"2022-07-16T19:24:47+00:00","breadcrumb":{"@id":"https:\/\/checkpointsystems.com\/latam\/politica-cookies\/#breadcrumb"},"inLanguage":"es","potentialAction":[{"@type":"ReadAction","target":["https:\/\/checkpointsystems.com\/latam\/politica-cookies\/"]}]},{"@type":"BreadcrumbList","@id":"https:\/\/checkpointsystems.com\/latam\/politica-cookies\/#breadcrumb","itemListElement":[{"@type":"ListItem","position":1,"name":"Home","item":"https:\/\/checkpointsystems.com\/latam\/"},{"@type":"ListItem","position":2,"name":"Pol\u00edtica Cookies"}]},{"@type":"WebSite","@id":"https:\/\/checkpointsystems.com\/latam\/#website","url":"https:\/\/checkpointsystems.com\/latam\/","name":"Checkpoint Systems Latam","description":"Fabricante de Etiquetas, Software y Hardware de Seguridad","potentialAction":[{"@type":"SearchAction","target":{"@type":"EntryPoint","urlTemplate":"https:\/\/checkpointsystems.com\/latam\/?s={search_term_string}"},"query-input":{"@type":"PropertyValueSpecification","valueRequired":true,"valueName":"search_term_string"}}],"inLanguage":"es"}]}},"_links":{"self":[{"href":"https:\/\/checkpointsystems.com\/latam\/wp-json\/wp\/v2\/pages\/2783","targetHints":{"allow":["GET"]}}],"collection":[{"href":"https:\/\/checkpointsystems.com\/latam\/wp-json\/wp\/v2\/pages"}],"about":[{"href":"https:\/\/checkpointsystems.com\/latam\/wp-json\/wp\/v2\/types\/page"}],"author":[{"embeddable":true,"href":"https:\/\/checkpointsystems.com\/latam\/wp-json\/wp\/v2\/users\/4"}],"replies":[{"embeddable":true,"href":"https:\/\/checkpointsystems.com\/latam\/wp-json\/wp\/v2\/comments?post=2783"}],"version-history":[{"count":0,"href":"https:\/\/checkpointsystems.com\/latam\/wp-json\/wp\/v2\/pages\/2783\/revisions"}],"wp:attachment":[{"href":"https:\/\/checkpointsystems.com\/latam\/wp-json\/wp\/v2\/media?parent=2783"}],"wp:term":[{"taxonomy":"category","embeddable":true,"href":"https:\/\/checkpointsystems.com\/latam\/wp-json\/wp\/v2\/categories?post=2783"},{"taxonomy":"post_tag","embeddable":true,"href":"https:\/\/checkpointsystems.com\/latam\/wp-json\/wp\/v2\/tags?post=2783"}],"curies":[{"name":"wp","href":"https:\/\/api.w.org\/{rel}","templated":true}]}}